1 is divided by 314.
153
What is the remainder when 12203 is divided by 683?
592
Calculate the remainder when 111576 is divided by 352.
344
Calculate the remainder when 26319 is divided by 24.
15
What is the remainder when 15074 is divided by 6951?
1172
What is the remainder when 815 is divided by 224?
143
Calculate the remainder when 707 is divided by 39.
5
What is the remainder when 86938 is divided by 6686?
20
Calculate the remainder when 3796 is divided by 240.
196
Calculate the remainder when 12590 is divided by 6274.
42
What is the remainder when 404 is divided by 215?
189
What is the remainder when 13315 is divided by 13312?
3
Calculate the remainder when 94873 is divided by 759.
757
Calculate the remainder when 84311 is divided by 197.
192
Calculate the remainder when 10661 is divided by 135.
131
Calculate the remainder when 12002 is divided by 18.
14
What is the remainder when 4192 is divided by 351?
331
Calculate the remainder when 14819 is divided by 15.
14
What is the remainder when 39043 is divided by 3654?
2503
Calculate the remainder when 999722 is divided by 499847.
28
What is the remainder when 17142 is divided by 5694?
60
Calculate the remainder when 10535 is divided by 5163.
209
What is the remainder when 31945 is divided by 131?
112
Calculate the remainder when 1246907 is divided by 7.
4
What is the remainder when 20834 is divided by 294?
254
Calculate the remainder when 81020 is divided by 100.
20
Calculate the remainder when 1063 is divided by 119.
111
What is the remainder when 297943 is divided by 67?
61
Calculate the remainder when 758 is divided by 143.
43
Calculate the remainder when 15794 is divided by 631.
19
Calculate the remainder when 3552 is divided by 147.
24
Calculate the remainder when 3216044 is divided by 44.
40
Calculate the remainder when 8087 is divided by 5.
2
What is the remainder when 537 is divided by 132?
9
Calculate the remainder when 2879897 is divided by 11.
9
What is the remainder when 3060 is divided by 1500?
60
What is the remainder when 232269 is divided by 46453?
4
What is the remainder when 64 is divided by 56?
8
What is the remainder when 30767 is divided by 39?
35
What is the remainder when 6358 is divided by 112?
86
What is the remainder when 424600 is divided by 12488?
8
Calculate the remainder when 676 is divided by 207.
55
What is the remainder when 883 is divided by 434?
15
What is the remainder when 28060 is divided by 14011?
38
What is the remainder when 6334 is divided by 419?
49
What is the remainder when 12622 is divided by 450?
22
Calculate the remainder when 3965 is divided by 1321.
2
Calculate the remainder when 17115 is divided by 46.
3
Calculate the remainder when 1106 is divided by 628.
478
What is the remainder when 12391 is divided by 4053?
232
Calculate the remainder when 620 is divided by 56.
4
What is the remainder when 4341 is divided by 1637?
1067
Calculate the remainder when 1254 is divided by 221.
149
Calculate the remainder when 17065 is divided by 68.
65
Calculate the remainder when 27512 is divided by 1097.
87
Calculate the remainder when 63923 is divided by 106.
5
What is the remainder when 10089 is divided by 215?
199
What is the remainder when 4107 is divided by 13?
12
Calculate the remainder when 13045 is divided by 1220.
845
Calculate the remainder when 4864 is divided by 224.
160
Calculate the remainder when 360201 is divided by 11256.
9
Calculate the remainder when 12840 is divided by 84.
72
What is the remainder when 920 is divided by 228?
8
What is the remainder when 979 is divided by 412?
155
Calculate the remainder when 25088 is divided by 40.
8
What is the remainder when 16032 is divided by 193?
13
What is the remainder when 3027 is divided by 135?
57
What is the remainder when 5006693 is divided by 53?
48
Calculate the remainder when 6599 is divided by 300.
299
What is the remainder when 71402 is divided by 5093?
100
Calculate the remainder when 768 is divided by 144.
48
What is the remainder when 50344 is divided by 41?
37
Calculate the remainder when 1867232 is divided by 641.
640
Calculate the remainder when 112101 is divided by 173.
170
What is the remainder when 1566707 is divided by 484?
483
Calculate the remainder when 6830 is divided by 752.
62
What is the remainder when 24644 is divided by 94?
16
What is the remainder when 3624 is divided by 156?
36
What is the remainder when 9975 is divided by 13?
4
What is the remainder when 13585 is divided by 146?
7
Calculate the remainder when 3951 is divided by 35.
31
What is the remainder when 4393 is divided by 885?
853
Calculate the remainder when 2125 is divided by 28.
25
Calculate the remainder when 68004 is divided by 89.
8
Calculate the remainder when 43466 is divided by 43.
36
What is the remainder when 59081 is divided by 19541?
458
Calculate the remainder when 5987 is divided by 1985.
32
Calculate the remainder when 11397 is divided by 11396.
1
Calculate the remainder when 34323 is divided by 839.
763
What is the remainder when 3463 is divided by 571?
37
Calculate the remainder when 11862 is divided by 1186.
2
Calculate the remainder when 2426 is divided by 422.
316
What is the remainder when 2017671 is divided by 18?
15
Calculate the remainder when 776951 is divided by 891.
890
What is the remainder when 77166 is divided by 1086?
60
What is the remainder when 1711 is divided by 283?
13
What is the remainder when 17899 is divided by 4443?
127
What is the remainder when 1004101 is divided by 83?
50
What is the remainder when 2146 is divided by 2122?
24
Calculate the remainder when 17577 is divided by 210.
147
What is the remainder when 21597 is divided by 108?
105
What is the remainder when 8407 is divided by 910?
217
What is the remainder when 30025 is divided by 231?
226
Calculate the remainder when 19670 is divided by 1226.
54
Calculate the remainder when 6064813 is divided by 178.
175
What is the remainder when 4587 is divided by 66?
33
Calculate the remainder when 15178 is divided by 345.
343
Calculate the remainder when 20604 is divided by 2288.
12
What is the remainder when 14476 is divided by 426?
418
What is the remainder when 399959 is divided by 303?
302
Calculate the remainder when 165850 is divided by 11056.
10
What is the remainder when 7514 is divided by 18?
8
What is the remainder when 2258 is divided by 605?
443
Calculate the remainder when 376 is divided by 150.
76
Calculate the remainder when 344928 is divided by 28.
24
Calculate the remainder when 4389 is divided by 1139.
972
Calculate the remainder when 52110 is divided by 31.
30
Calculate the remainder when 29096 is divided by 198.
188
What is the remainder when 568611 is divided by 1126?
1107
Calculate the remainder when 1451377 is divided by 129.
127
What is the remainder when 1414 is divided by 440?
94
Calculate the remainder when 14317 is divided by 77.
72
Calculate the remainder when 2624 is divided by 1212.
200
What is the remainder when 13242 is divided by 383?
220
What is the remainder when 96829 is divided by 115?
114
What is the remainder when 221616 is divided by 55398?
24
Calculate the remainder when 469936 is divided by 28.
12
Calculate the remainder when 100988 is divided by 941.
301
Calculate the remainder when 119189 is divided by 61.
56
What is the remainder when 76466 is divided by 805?
796
What is the remainder when 126446 is divided by 56?
54
What is the remainder when 72929 is divided by 195?
194
What is the remainder when 113033 is divided by 46?
11
Calculate the remainder when 28863 is divided by 89.
27
Calculate the remainder when 12849 is divided by 42.
39
Calculate the remainder when 24414 is divided by 224.
222
What is the remainder when 1237 is divided by 81?
22
Calculate the remainder when 484694 is divided by 82.
74
Calculate the remainder when 692174 is divided by 24.
14
Calculate the remainder when 135219 is divided by 1300.
19
Calculate the remainder when 49121 is divided by 4464.
17
What is the remainder when 2641 is divided by 47?
9
Calculate the remainder when 58865 is divided by 9769.
251
Calculate the remainder when 9879 is divided by 13.
12
Calculate the remainder when 2305 is divided by 1104.
97
What is the remainder when 62413 is divided by 8913?
22
Calculate the remainder 